) = s + 10. Let m be q(-8). Suppose z + m*p - 927 = 96, 5127 = 5*z + 4*p. What are the prime factors of z?
13, 79
Suppose 2*h - 2*s - 22 = 0, 12*h + 5*s + 31 = 14*h. List the prime factors of h*((-1845)/20)/(9/(-24)).
2, 3, 41
Suppose -3*j = 0, -3*j = -16*z + 13*z + 75 + 2553. What are the prime factors of z?
2, 3, 73
Let m be (0 + -1)*1*-131. Suppose -67*p + 97*p + 1560 = 0. Let f = p + m. List the prime factors of f.
79
Let u(v) = -200*v + 80. Let g be u(-11). Suppose 5*s = -s + g. List the prime factors of s.
2, 5, 19
Suppose g = 5*b - 31265, 0 = 5*b + 4*g - 45788 + 14523. List the prime factors of b.
13, 37
Suppose 6*b = 263 + 43. Let n = b + -22. Suppose 0 = -32*f + n*f + 147. List the prime factors of f.
7
Let s be -588 + -13 + 3 + -2 + -3. Let r = s + 939. List the prime factors of r.
2, 3, 7
Let z = -7241 + 12168. What are the prime factors of z?
13, 379
Suppose 11*x = 10*x + 430. Let m = x + -194. List the prime factors of m.
2, 59
List the prime factors of ((-1944)/252 - 2/7) + 47409.
107, 443
What are the prime factors of (13473 - 6) + (-10)/(-3)*-3?
13457
Let a = 33 - 29. Suppose 2*v + 4*x - 2046 = 0, -8*v + 5*v + 3069 = a*x. What are the prime factors of v?
3, 11, 31
Suppose 0 = -3*s + 5*f + 99583, 0 = -73*s + 78*s + 2*f - 165920. List the prime factors of s.
2, 3, 5531
Let a = 222 - 219. Suppose 6*h = 7*h - j - 299, 4*j - 918 = -a*h. List the prime factors of h.
2, 151
Let k(d) = 2*d**3 - 35*d**2 + 94*d - 13. List the prime factors of k(23).
2, 3, 83
Let p(i) = -i**2 + i + 3. Let b be p(3). Let k = 3 + -5. List the prime factors of (5 - -92)*(k - b).
97
Suppose 0 = -4*p + 8*p - 3060. Suppose 51*l = 50*l + p. List the prime factors of l.
3, 5, 17
Let o = -11 + 28. Suppose -5*t + 50 = 5*n, -3*t + 18*n + 34 = o*n. What are the prime factors of t?
11
Let r(d) = 6 - 7*d**3 + 10*d**3 - 5*d**2 - 1 - 3 + 5*d. List the prime factors of r(5).
277
Let q(b) = 230*b**2 - 44*b + 423. What are the prime factors of q(14)?
44887
Suppose -2*r = 8*r - 3190. Let y = r - 123. Suppose b = -4*l + y, -4*b = -l + 2*l - 64. List the prime factors of l.
2, 3
Suppose 2*s = -2, -43*k + 47*k - 176941 = -3*s. What are the prime factors of k?
2, 11059
Suppose 5*v - 2*f = 1109, 669 = 3*v - 0*f - 3*f. Suppose 13*i + 325 + v = 0. Let c = 77 + i. List the prime factors of c.
5, 7
Let z be (-9)/(-3)*(-168)/(-18). What are the prime factors of 14/z - 1233/(-6)?
2, 103
Suppose -l - 5722 = -4*z - 2*l, -z + l + 1428 = 0. Suppose 139*w - 149*w = -z. List the prime factors of w.
11, 13
Suppose 0 = 4*z - 8, -4*u - 192*z = -187*z - 13350. List the prime factors of u.
5, 23, 29
Let f(b) = 15*b**2 - 21*b - 70. Suppose 7*y - 332 + 367 = 0. List the prime factors of f(y).
2, 5, 41
Let m = 380 + -262. Let k = m + -46. List the prime factors of k/7 - 26/91.
2, 5
Suppose -185*u + 184*u - 68393 = -2*h, 102572 = 3*h + 2*u. List the prime factors of h.
2, 3, 41, 139
What are the prime factors of (-27)/(-6)*(-152228)/(-114)?
3, 2003
Suppose -123 = 4*n + a, 5*a = 14 + 11. Let t(m) = -m**3 + 3*m**2 - 6*m + 5. Let x be t(5). Let o = n - x. List the prime factors of o.
43
Let w = 5086 - -384. List the prime factors of w.
2, 5, 547
Suppose 29*u - 3*d - 644 = 27*u, 0 = u + 3*d - 331. Let n = 315 + u. What are the prime factors of n?
2, 5
List the prime factors of -20 - (-22 + -4) - -37250.
2, 4657
Let p be 6/(((-105)/50)/(-7)). Let n(d) = 2*d + 44. Let l be n(p). List the prime factors of (-24306)/(-126) + 8/l.
193
Suppose 4*v = h, -4*h - 5*v + 5 = -16. Suppose -h*s - 13 = -33. Suppose s*f - 360 = 3*f. List the prime factors of f.
2, 3, 5
Let r be (-2)/9 - (-984)/54. Let z be -1 + (-61)/(-7) + r/63. What are the prime factors of 5724/48 - (-6)/z?
2, 3, 5
Let a(m) be the first derivative of 10*m**2 + 46*m + 5. Let q be a(20). Suppose 316 = -4*z + 6*z + 4*c, -q = -3*z + c. What are the prime factors of z?
2, 3, 5
Let v = 7124 + -5012. List the prime factors of v.
2, 3, 11
Suppose 0 = -0*l - 118*l + 583156. What are the prime factors of l?
2, 7, 353
What are the prime factors of ((-126)/12 - -1)/(7/(-19488))?
2, 3, 19, 29
Suppose 12 = 3*i + 3*c, -24 = 3*i - 7*i + 4*c. Suppose -2*t + 4*u + 490 = 0, -t - 4*u = -i*u - 242. List the prime factors of t.
239
Let u be 0 + 4 + 13 + -11. Suppose h = u*h + 10, 4*f = 4*h - 120. Let r = 113 + f. What are the prime factors of r?
3
Let t(g) be the second derivative of 1/3*g**4 + 0*g**2 + g - 1/3*g**3 + 0. What are the prime factors of t(5)?
2, 3, 5
Suppose 54*r - 46*r - 24 = 0. Suppose 2*z - 6 = 0, -r*z = p - 111 - 1. What are the prime factors of p?
103
Let l(q) = 5*q**2 + 241*q - 240*q - q**2 + 8*q**2. What are the prime factors of l(7)?
5, 7, 17
Suppose -3*p - w + 16 = 2*p, p - 7 = -4*w. Suppose p*i = -102 + 27. List the prime factors of (9 + i/5)/((-3)/(-12)).
2
Suppose -272 = -m + 2*w, -2*w - 1 = 1. Let a = m - -72. What are the prime factors of a?
2, 3, 19
What are the prime factors of (-10 + -7835 + -17)/(4/30*-3)?
5, 3931
Suppose 32*l + 74744 - 290471 - 250641 = 0. What are the prime factors of l?
2, 3, 7, 347
Let p(d) = d**3 + 41*d**2 + 75*d + 12. Let g be p(-36). Let s = g - 2077. What are the prime factors of s?
5, 7
Let u(p) = 11*p + 57. Let i be u(-3). Suppose 0 = 2*v - 4*h - 2066, h = 23*v - i*v + 1030. What are the prime factors of v?
1031
Let p be (3*(-18)/81)/((-2)/12). Suppose 4*x = -5*k + 573, -3*x + 428 = -2*k + p*k. List the prime factors of x.
2, 71
Let k(p) = -p**2 + 4*p + 19. Let c be k(7). Let w be (3 + -2)*-1 + (240 - c). Let j = -144 + w. What are the prime factors of j?
97
Let f(z) = 185 + 30*z - 27*z + 7*z**2 - 36*z. What are the prime factors of f(15)?
5, 11, 23
Let y = 494 + -254. Suppose -5*g + 5*q = -1155, 3*g + 5*q = y + 437. List the prime factors of g.
229
Suppose -8*a - 20 = -9*a + 4*h, h + 5 = a. Suppose a = -4*v - i + 1019 - 132, i + 218 = v. List the prime factors of v.
13, 17
Let t(j) = -2*j + 6. Let s(c) = c**3 - 10*c**2 + 11*c - 12. Let z be s(9). Let f(d) = -3. Let g(w) = z*f(w) + 3*t(w). List the prime factors of g(-7).
2, 3, 7
Suppose 14*d + 24*d = 33*d + 58895. What are the prime factors of d?
11779
Let l be (21/6)/(2/4). Suppose -5*r = -2*q - 8, -2 = 4*r - 3*q - l. Suppose 329 - 37 = r*c. List the prime factors of c.
2, 73
Let z be -3 + (-69 - -5)/(-4). List the prime factors of (-90)/((-125)/390 + 2/z).
2, 3, 5
Suppose b - 27*o + 30*o - 8480 = 0, -4*o - 25479 = -3*b. List the prime factors of b.
13, 653
Let s = -13476 + 24190. What are the prime factors of s?
2, 11, 487
Let a(i) = 2*i**3 + 80*i**2 + 144*i + 77. What are the prime factors of a(-33)?
11, 31
Suppose 2*j - 5 - 30 = -5*i, i - 31 = -2*j. Let p be (j/(-6))/(15/(-12)). Suppose -2*u - u = p*m - 208, 3*u + m = 212. What are the prime factors of u?
2, 3
Suppose 127329 = -4*h + 8*h - 145259. What are the prime factors of h?
68147
What are the prime factors of (2*1028/(-5))/((1204/(-215))/28)?
2, 257
Let r(v) = v**3 - 25*v**2 + 24*v + 2. Let o be r(24). Suppose -4*f = -o*n - 740, -4*n = -2*f + 3*f - 185. List the prime factors of f.
5, 37
Suppose -g - 2*y + 415 = 0, 0 = -3*g + 7*y - 3*y + 1215. Suppose -g = -z - 120. What are the prime factors of z?
17
Let s(c) = -c**3 - 4*c**2 + 7. Let y be s(-3). Let h be (100/(-15) - -6)*9/y. List the prime factors of (h + -152)*-1 - 2.
3, 7
Suppose 2*n = q + 18, 5*n + 2*q + 25 = 8*n. What are the prime factors of n/(-22) + 2/4*509?
2, 127
Let y be 15/20*(0 - -8) - 1. Suppose -5*h - 1233 = -w - 7942, y*h - 6713 = 2*w. List the prime factors of h.
3, 149
Let b(k) = 3710*k**2 + 28*k - 96. List the prime factors of b(4).
2, 3, 1237
What are the prime factors of ((-984522)/(-252) - 2/(-12)) + -3?
2, 61
Suppose g + 237 = 4*t - 1, 230 = -g + 2*t. Let f = -49 - g. List the prime factors of f.
173
Let v = -486 + 486. Suppose v = 2*m - 2*o - 170, -m + 85 = -8*o + 12*o. List the prime factors of m.
5, 17
Let s = -100385 - -147090. What are the prime factors of s?
5, 9341
Let z be (31 + -2)/(2/4). Let c = z - 62. What are the prime factors of (-25)/50 + (-582)/c?
5, 29
Suppose 0 = -85*o + 95*o - 190. Suppose o*u - 3070 = 13289. What are the prime factors of u?
3, 7, 41
Let b(v) = -v**2 + 14*v - 27. Let y be b(13). List the prime factors of (-13584)/(-84) - 4/y.
2, 3
Let r be (51/6)/(2/(-4)). Let n = r + 51. Let i = 56 - n. L